{"id":71,"date":"2022-07-22T16:14:34","date_gmt":"2022-07-22T16:14:34","guid":{"rendered":"https:\/\/gtue-mueller.de\/?page_id=71"},"modified":"2022-07-22T16:14:34","modified_gmt":"2022-07-22T16:14:34","slug":"anfahrt","status":"publish","type":"page","link":"https:\/\/gtue-mueller.de\/?page_id=71","title":{"rendered":"Anfahrt"},"content":{"rendered":"\n<figure class=\"wp-block-table has-medium-font-size\"><table><tbody><tr><td><strong>Wir sind <\/strong><br><strong>Wochentags von 8:00 bis 18.00 Uhr <\/strong><br><strong>sowie <\/strong><br><strong>am Samstag von 9.00 bis 12.00 Uhr <\/strong><br><strong>f\u00fcr Sie da.<\/strong><br><br><br><\/td><\/tr><tr><td><img loading=\"lazy\" decoding=\"async\" src=\"http:\/\/localhost:58086\/images\/karte.gif\" alt=\"Anfahrtskizze zum Ingenieur-B\u00fcro Peter M\u00fcller - Pr\u00fcf- und Sch\u00e4tzstelle - Zeithain bei Riesa\" width=\"390\" height=\"358\"><\/td><\/tr><\/tbody><\/table><\/figure>\n","protected":false},"excerpt":{"rendered":"<p>Wir sind Wochentags von 8:00 bis 18.00 Uhr sowie am Samstag von 9.00 bis 12.00 Uhr f\u00fcr Sie da.<\/p>\n","protected":false},"author":1,"featured_media":0,"parent":0,"menu_order":0,"comment_status":"closed","ping_status":"closed","template":"","meta":{"footnotes":""},"class_list":["post-71","page","type-page","status-publish"],"_links":{"self":[{"href":"https:\/\/gtue-mueller.de\/index.php?rest_route=\/wp\/v2\/pages\/71","targetHints":{"allow":["GET"]}}],"collection":[{"href":"https:\/\/gtue-mueller.de\/index.php?rest_route=\/wp\/v2\/pages"}],"about":[{"href":"https:\/\/gtue-mueller.de\/index.php?rest_route=\/wp\/v2\/types\/page"}],"author":[{"embeddable":true,"href":"https:\/\/gtue-mueller.de\/index.php?rest_route=\/wp\/v2\/users\/1"}],"replies":[{"embeddable":true,"href":"https:\/\/gtue-mueller.de\/index.php?rest_route=%2Fwp%2Fv2%2Fcomments&post=71"}],"version-history":[{"count":1,"href":"https:\/\/gtue-mueller.de\/index.php?rest_route=\/wp\/v2\/pages\/71\/revisions"}],"predecessor-version":[{"id":72,"href":"https:\/\/gtue-mueller.de\/index.php?rest_route=\/wp\/v2\/pages\/71\/revisions\/72"}],"wp:attachment":[{"href":"https:\/\/gtue-mueller.de\/index.php?rest_route=%2Fwp%2Fv2%2Fmedia&parent=71"}],"curies":[{"name":"wp","href":"https:\/\/api.w.org\/{rel}","templated":true}]}}